{"id":250,"date":"2020-05-30T19:08:56","date_gmt":"2020-05-30T17:08:56","guid":{"rendered":"https:\/\/www.studio-art-design.com\/ph_online1\/?page_id=250"},"modified":"2020-05-30T19:08:58","modified_gmt":"2020-05-30T17:08:58","slug":"die-ton-kreuzblende-bei-videos","status":"publish","type":"page","link":"https:\/\/www.studio-art-design.com\/blog\/die-ton-kreuzblende-bei-videos\/","title":{"rendered":"Die Ton-\/ Kreuzblende &#8211; bei Videos"},"content":{"rendered":"\n<p>M\u00f6chte man unterschiedlichste Szenen in einem Video optimal hintereinander reihen, so muss man sich bei der Nachbearbeitung mit Ton\u00fcberblendungen (Kreuzblenden) behelfen. Angenommen, Sie filmen bei einem Oldie-Autotreffen. Sch\u00f6n restaurierte Autos fahren an Ihnen vorbei und Sie filmen drauf los. Die Motoren sind sehr laut, aber Sie haben alles perfekt eingestellt. Die n\u00e4chsten Filmszenen machen Sie bei stehenden Autos und filmen das Innere der Fahrzeuge. Sie sehen sich dann zu Hause die Aufnahmen an. Alle Szenen sind einfach wie bei der Aufnahme hintereinandergereiht, die Bilder passen gut zueinander \u2013 soweit alles okay. <\/p>\n\n\n\n<p>Der Ton d\u00fcrfte aber von einer Szene zur anderen schlagartig lauter und je nach Szene dann wieder leiser werden. Bei der Videoaufnahme wird also nicht nur das Bild hart geschnitten, sondern logischerweise auch der Ton. Daraus ergeben sich zwangsweise tontechnische Schnitte, die so nicht brauchbar sind. Bei der einen Szene f\u00e4hrt lautstark ein sch\u00f6nes Auto vorbei, Sie schwenken nach und wechseln dann direkt auf die n\u00e4chste Szene. Der Tonschnitt ist hart und passt so logischerweise nicht zusammen.<\/p>\n\n\n\n<p>In der Nachbearbeitung werden wie gew\u00fcnscht die entsprechenden Szenen richtig in ihrer Reihenfolge neu ausgerichtet. Die Tonspur l\u00e4uft dann automatisch synchron mit. Mit den Kreuzblenden k\u00f6nnen Sie nun die \u00dcberg\u00e4nge von einer Szene auf die andere Szene flie\u00dfend machen. Das hei\u00dft, kein harter Tonschnitt st\u00f6rt den Ablauf Ihres Videos. So kann man, wie man m\u00f6chte, alles miteinander verbinden und der Ton von der ersten Szene geht ebenfalls weich in den Ton der n\u00e4chsten Szene \u00fcber. Die Kreuzblenden k\u00f6nnen je nach Software beliebig ver\u00e4ndert werden. Es k\u00f6nnen also schnelle \u00dcberg\u00e4nge, aber auch sehr weiche flie\u00dfende \u00dcberg\u00e4nge eingezeichnet werden. Wechselt das Bild in einem harten Schnitt, so sollte auch der Ton relativ zeitsynchron \u00fcberblendet werden. Wenn Sie hingegen ein Szenenbild weich in die n\u00e4chste Szene einblenden, so sollte durchaus der Ton auch weich \u00fcberblendet werden. Wie schnell oder langsam die Kreuzblende agieren sollte, h\u00e4ngt haupts\u00e4chlich von den jeweiligen Szenen bzw. Videos ab. Hier sollte man selbst einfach mal alles austesten.<\/p>\n\n\n\n<p>Wichtig w\u00e4re dabei darauf zu achten, dass genau beim Schnitt kein \u201eakustisches Loch\u201c entsteht. Dies entsteht, wenn Sie kurz vor dem Bildwechsel den Ton ausblenden und bei der n\u00e4chsten Szene den Ton wieder einblenden. Hier w\u00e4re zu empfehlen, dass der tontechnische Schnitt ein paar Sekunden vor dem Szenenwechsel heruntergefadet wird und der neue schon langsam eingefadet wird. Die letzte Szene sollte bei einem harten Bildumschnitt tonm\u00e4\u00dfig nicht zu lange in der neuen Szene h\u00f6rbar sein. Die ganze Kreuzblende richtet sich nach dem verwendeten Bildmaterial, kann aber durchaus nur 1-3 sec. dauern. Bei weichem Bildwechsel kann es schon mal bis zu 5-8 sec. dauern \u2013 wie erw\u00e4hnt, dies h\u00e4ngt mit dem gew\u00fcnschten Effekt zusammen bzw. Ihrem Filmmaterial.<\/p>\n\n\n\n<h4 class=\"wp-block-heading\">Tipps zur Nachbearbeitung von Interviews<\/h4>\n\n\n\n<p>Angenommen, Sie produzieren ein Interview. Im Hintergrund war ein Auto zu h\u00f6ren. Genau an dieser Stelle m\u00f6chten Sie einen Bildumschnitt auf eine andere Kameraposition machen. Das Gespr\u00e4ch k\u00f6nnte ohne weiteres geschnitten werden, da sind eigentlich immer irgendwelche Pausen vorhanden. Aber man h\u00f6rt bei der einen Szene im Hintergrund das Auto, bei der neuen Szene fuhr aber kein Auto. Wenn man dies nun einfach hintereinander schneidet, d\u00fcrfte folgendes passieren: Das Auto w\u00e4re beim Umschnitt von der einen Szene auf die andere auf einmal abrupt weg. Auch wenn nur im Hintergrund, aber je nach Lautst\u00e4rke d\u00fcrfte dies nicht zu \u00fcberh\u00f6ren sein. Wenn das Gespr\u00e4ch hier perfekt geschnitten werden soll, so ist auch das Hintergrundger\u00e4usch nicht unwichtig. Man macht sich vielleicht nicht unbedingt Gedanken dar\u00fcber, da man alle Aufmerksamkeit auf das Gespr\u00e4ch legt, aber es ist dennoch wichtig, auf die Hintergrund-Ger\u00e4uschkulisse zu achten.<\/p>\n\n\n\n<p>Wie k\u00f6nnte man nun das Problem l\u00f6sen? Die einfachste M\u00f6glichkeit w\u00e4re, dass man sich eine andere Schnittstelle sucht, bei der keine auff\u00e4lligen Ger\u00e4usche im Hintergrund zu h\u00f6ren sind. Weiters k\u00f6nnte man versuchen, durch geschickte Anwendung der Kreuzblende dies in den Griff zu bekommen. Man m\u00fcsste dabei den Ton etwas l\u00e4nger in die Szene hineinklingen lassen, also erst etwas sp\u00e4ter ausfaden. Den Ton der zweiten Szene aber dennoch relativ hart einfaden. Wenn allerdings bei der ersten Szene das Gespr\u00e4ch zu schnell losgeht, weil die Pause des Gespr\u00e4chspartners nicht so lange war, d\u00fcrfte dies auch nur schwer m\u00f6glich sein. <\/p>\n\n\n\n<p>So k\u00f6nnte passieren, dass beim tontechnischen Ausblenden der ersten Szene dann kurz noch eine Stimme zu h\u00f6ren ist. Sollte die Gespr\u00e4chspause l\u00e4nger ausgefallen sein, so h\u00e4tte man genug Zeit etwas langsamer auszufaden und k\u00f6nnte die beiden Szenen tontechnisch optimal aneinander basteln. Eine Idee g\u00e4be es auch hier noch. Man sucht sich ein \u00e4hnliches Ger\u00e4usch eines Autos und legt dieses \u00fcber den Schnitt m\u00f6glichst synchron dar\u00fcber. Man m\u00fcsste einfach das Ger\u00e4usch auf einer separaten Spur einfaden und dann wieder kurz ausfaden. Ob dies grunds\u00e4tzlich gelingen kann, h\u00e4ngt von Ihrem Material ab. Vielmehr wollte ich in diesem Beispiel zeigen, dass man auch auf Hintergrundger\u00e4usche h\u00f6ren sollte, um professionelle Ergebnisse zu erhalten. Ob der ganze Aufwand daf\u00fcrsteht, ist nat\u00fcrlich davon abh\u00e4ngig, f\u00fcr welchen Zweck Sie dieses Material letztendlich \u00fcberhaupt verwenden wollen.<\/p>\n\n\n\n<p>Manche Programme bieten schon vorgefertigte Kreuzblenden an, das hei\u00dft, sie sind schon optimiert f\u00fcr jeweilige Anwendungen. Perfekt w\u00e4re, wenn Sie die H\u00fcllkurve der Kreuzblenden selber ins Programm einzeichnen k\u00f6nnen. In der Praxis hat sich gezeigt, dass dies ein enormer Vorteil ist. Viele Programme lassen hier alle Optionen offen und man kann direkt in die Audiodatei seine gew\u00fcnschte Kreuzblenden bzw. H\u00fcllkurven einzeichnen. Es lassen sich dann alle einzelnen Audiospuren, ob Mono oder Stereo, miteinander verbinden.<\/p>\n\n\n\n<p>Nicht unerw\u00e4hnt sollte bleiben, dass nicht unbedingt immer ein Einfaden der Tonspur gew\u00fcnscht wird. Stellen Sie sich einen Actionfilm vor. Ein spannender Moment baut sich auf, laute Musik ist zu h\u00f6ren mit lauten Ger\u00e4uschen \u2013 es wird immer leiser und spannender. Pl\u00f6tzlich ein Szenenwechsel und ein zum Bild synchrones Ger\u00e4usch. Das hei\u00dft, hier wurde nicht nur bildtechnisch ein harter Schnitt gemacht, sondern auch der Ton wurde hier hart geschnitten. Speziell bei Actionfilmen werden tontechnisch auf den Punkt gebrachte Schnitte gemacht. Bei actionreichen, geballten Filmszenen sind tontechnische \u00dcberblendungen nicht so gefragt.<\/p>\n\n\n\n<h4 class=\"wp-block-heading\"><strong>\u00dcberblendung des Tons bei Landschaftsaufnahmen<\/strong><\/h4>\n\n\n\n<p>Anders hingegen bei Landschaftsaufnahmen, bei denen weiche \u00dcberblendungen von einem Bild zum anderen gemacht werden. Hier wird \u00fcblicherweise auch der Hintergrundton weich ineinander mit Kreuzblenden \u00fcberblendet. Zus\u00e4tzlich wird oft auch noch die Musik ein- bzw. ausgefadet. So kommen dann letztendlich auch auf anderen Audiospuren die Kreuzblenden noch zus\u00e4tzlich zum Einsatz. Man k\u00f6nnte sich fragen, warum auch bei Landschaftsaufnahmen der Ton mit Kreuzblenden bearbeitet wird. Nehmen wir an, dass eine Aufnahme in der Natur in einer bunten Wiese gedreht wird, umgeben von Bienen, Hummeln und Schmetterlingen. Die n\u00e4chste Szene ist ein kleiner Bach neben der Wiese. <\/p>\n\n\n\n<p>Ein harter Bildumschnitt bzw. Tonschnitt k\u00f6nnte die idyllische Naturaufnahme v\u00f6llig zerst\u00f6ren. Normalerweise w\u00fcrde man wahrscheinlich am besten von einem Bild in die n\u00e4chste Szene einen weichen \u00dcbergang filmen. Wenn nun beim Ton ein harter Schnitt gemacht w\u00fcrde, k\u00f6nnte folgendes passieren: Bei der Aufnahme in der Wiese h\u00f6rt man die Bienen usw. und beim Umschnitt w\u00e4re dann abrupt das Wassergepl\u00e4tscher h\u00f6rbar. Man w\u00fcrde sich wundern, wenn das eine Bild in das andere flie\u00dfend \u00fcbergeht, aber der Tonschnitt w\u00e4re hart. Hier sollte deshalb der Ton auch mit einer Kreuzblende in die n\u00e4chste Szene \u00fcberblendet werden. Daraus ergibt sich dann ein gef\u00fchlvoller Szenenwechsel, welcher erst mit dem Ton die richtige Stimmung ergibt.<\/p>\n<div class=\"shariff shariff-align-left shariff-widget-align-left\"><ul class=\"shariff-buttons theme-default orientation-horizontal buttonsize-medium\"><li class=\"shariff-button mastodon shariff-nocustomcolor\" style=\"background-color:#563ACC\"><a href=\"https:\/\/s2f.kytta.dev\/?text=Die%20Ton-%2F%20Kreuzblende%20%E2%80%93%20bei%20Videos https%3A%2F%2Fwww.studio-art-design.com%2Fblog%2Fdie-ton-kreuzblende-bei-videos%2F\" title=\"Bei Mastodon teilen\" aria-label=\"Bei Mastodon teilen\" role=\"button\" rel=\"noopener nofollow\" class=\"shariff-link\" style=\"; background-color:#6364FF; color:#fff\" target=\"_blank\"><span class=\"shariff-icon\" style=\"\"><svg width=\"75\" height=\"79\" viewBox=\"0 0 75 79\" fill=\"none\" xmlns=\"http:\/\/www.w3.org\/2000\/svg\"><path d=\"M37.813-.025C32.462-.058 27.114.13 21.79.598c-8.544.621-17.214 5.58-20.203 13.931C-1.12 23.318.408 32.622.465 41.65c.375 7.316.943 14.78 3.392 21.73 4.365 9.465 14.781 14.537 24.782 15.385 7.64.698 15.761-.213 22.517-4.026a54.1 54.1 0 0 0 .01-6.232c-6.855 1.316-14.101 2.609-21.049 1.074-3.883-.88-6.876-4.237-7.25-8.215-1.53-3.988 3.78-.43 5.584-.883 9.048 1.224 18.282.776 27.303-.462 7.044-.837 14.26-4.788 16.65-11.833 2.263-6.135 1.215-12.79 1.698-19.177.06-3.84.09-7.692-.262-11.52C72.596 7.844 63.223.981 53.834.684a219.453 219.453 0 0 0-16.022-.71zm11.294 12.882c5.5-.067 10.801 4.143 11.67 9.653.338 1.48.471 3 .471 4.515v21.088h-8.357c-.07-7.588.153-15.182-.131-22.765-.587-4.368-7.04-5.747-9.672-2.397-2.422 3.04-1.47 7.155-1.67 10.735v6.392h-8.307c-.146-4.996.359-10.045-.404-15.002-1.108-4.218-7.809-5.565-10.094-1.666-1.685 3.046-.712 6.634-.976 9.936v14.767h-8.354c.109-8.165-.238-16.344.215-24.5.674-5.346 5.095-10.389 10.676-10.627 4.902-.739 10.103 2.038 12.053 6.631.375 1.435 1.76 1.932 1.994.084 1.844-3.704 5.501-6.739 9.785-6.771.367-.044.735-.068 1.101-.073z\"\/><defs><linearGradient id=\"paint0_linear_549_34\" x1=\"37.0692\" y1=\"0\" x2=\"37.0692\" y2=\"79\" gradientUnits=\"userSpaceOnUse\"><stop stop-color=\"#6364FF\"\/><stop offset=\"1\" stop-color=\"#563ACC\"\/><\/linearGradient><\/defs><\/svg><\/span><span class=\"shariff-text\">teilen<\/span>&nbsp;<\/a><\/li><li class=\"shariff-button facebook shariff-nocustomcolor\" style=\"background-color:#4273c8\"><a href=\"https:\/\/www.facebook.com\/sharer\/sharer.php?u=https%3A%2F%2Fwww.studio-art-design.com%2Fblog%2Fdie-ton-kreuzblende-bei-videos%2F\" title=\"Bei Facebook teilen\" aria-label=\"Bei Facebook teilen\" role=\"button\" rel=\"nofollow\" class=\"shariff-link\" style=\"; background-color:#3b5998; color:#fff\" target=\"_blank\"><span class=\"shariff-icon\" style=\"\"><svg width=\"32px\" height=\"20px\" xmlns=\"http:\/\/www.w3.org\/2000\/svg\" viewBox=\"0 0 18 32\"><path fill=\"#3b5998\" d=\"M17.1 0.2v4.7h-2.8q-1.5 0-2.1 0.6t-0.5 1.9v3.4h5.2l-0.7 5.3h-4.5v13.6h-5.5v-13.6h-4.5v-5.3h4.5v-3.9q0-3.3 1.9-5.2t5-1.8q2.6 0 4.1 0.2z\"\/><\/svg><\/span><span class=\"shariff-text\">teilen<\/span>&nbsp;<\/a><\/li><li class=\"shariff-button linkedin shariff-nocustomcolor\" style=\"background-color:#1488bf\"><a href=\"https:\/\/www.linkedin.com\/sharing\/share-offsite\/?url=https%3A%2F%2Fwww.studio-art-design.com%2Fblog%2Fdie-ton-kreuzblende-bei-videos%2F\" title=\"Bei LinkedIn teilen\" aria-label=\"Bei LinkedIn teilen\" role=\"button\" rel=\"noopener nofollow\" class=\"shariff-link\" style=\"; background-color:#0077b5; color:#fff\" target=\"_blank\"><span class=\"shariff-icon\" style=\"\"><svg width=\"32px\" height=\"20px\" xmlns=\"http:\/\/www.w3.org\/2000\/svg\" viewBox=\"0 0 27 32\"><path fill=\"#0077b5\" d=\"M6.2 11.2v17.7h-5.9v-17.7h5.9zM6.6 5.7q0 1.3-0.9 2.2t-2.4 0.9h0q-1.5 0-2.4-0.9t-0.9-2.2 0.9-2.2 2.4-0.9 2.4 0.9 0.9 2.2zM27.4 18.7v10.1h-5.9v-9.5q0-1.9-0.7-2.9t-2.3-1.1q-1.1 0-1.9 0.6t-1.2 1.5q-0.2 0.5-0.2 1.4v9.9h-5.9q0-7.1 0-11.6t0-5.3l0-0.9h5.9v2.6h0q0.4-0.6 0.7-1t1-0.9 1.6-0.8 2-0.3q3 0 4.9 2t1.9 6z\"\/><\/svg><\/span><span class=\"shariff-text\">teilen<\/span>&nbsp;<\/a><\/li><li class=\"shariff-button info shariff-nocustomcolor\" style=\"background-color:#eee\"><a href=\"http:\/\/ct.de\/-2467514\" title=\"Weitere Informationen\" aria-label=\"Weitere Informationen\" role=\"button\" rel=\"noopener \" class=\"shariff-link\" style=\"; background-color:#fff; color:#fff\" target=\"_blank\"><span class=\"shariff-icon\" style=\"\"><svg width=\"32px\" height=\"20px\" xmlns=\"http:\/\/www.w3.org\/2000\/svg\" viewBox=\"0 0 11 32\"><path fill=\"#999\" d=\"M11.4 24v2.3q0 0.5-0.3 0.8t-0.8 0.4h-9.1q-0.5 0-0.8-0.4t-0.4-0.8v-2.3q0-0.5 0.4-0.8t0.8-0.4h1.1v-6.8h-1.1q-0.5 0-0.8-0.4t-0.4-0.8v-2.3q0-0.5 0.4-0.8t0.8-0.4h6.8q0.5 0 0.8 0.4t0.4 0.8v10.3h1.1q0.5 0 0.8 0.4t0.3 0.8zM9.2 3.4v3.4q0 0.5-0.4 0.8t-0.8 0.4h-4.6q-0.4 0-0.8-0.4t-0.4-0.8v-3.4q0-0.4 0.4-0.8t0.8-0.4h4.6q0.5 0 0.8 0.4t0.4 0.8z\"\/><\/svg><\/span><\/a><\/li><\/ul><\/div>","protected":false},"excerpt":{"rendered":"<p>M\u00f6chte man unterschiedlichste Szenen in einem Video optimal hintereinander reihen, so muss man sich bei der Nachbearbeitung mit Ton\u00fcberblendungen (Kreuzblenden)[&#8230;]<\/p>\n","protected":false},"author":1,"featured_media":0,"parent":0,"menu_order":0,"comment_status":"closed","ping_status":"closed","template":"","meta":{"footnotes":""},"class_list":["post-250","page","type-page","status-publish","hentry"],"yoast_head":"<!-- This site is optimized with the Yoast SEO plugin v27.6 - https:\/\/yoast.com\/product\/yoast-seo-wordpress\/ -->\n<title>Die Ton-\/ Kreuzblende - bei Videos - music_blog<\/title>\n<meta name=\"robots\" content=\"index, follow, max-snippet:-1, max-image-preview:large, max-video-preview:-1\" \/>\n<link rel=\"canonical\" href=\"https:\/\/www.studio-art-design.com\/blog\/die-ton-kreuzblende-bei-videos\/\" \/>\n<meta property=\"og:locale\" content=\"de_DE\" \/>\n<meta property=\"og:type\" content=\"article\" \/>\n<meta property=\"og:title\" content=\"Die Ton-\/ Kreuzblende - bei Videos - music_blog\" \/>\n<meta property=\"og:description\" content=\"M\u00f6chte man unterschiedlichste Szenen in einem Video optimal hintereinander reihen, so muss man sich bei der Nachbearbeitung mit Ton\u00fcberblendungen (Kreuzblenden)[...]\" \/>\n<meta property=\"og:url\" content=\"https:\/\/www.studio-art-design.com\/blog\/die-ton-kreuzblende-bei-videos\/\" \/>\n<meta property=\"og:site_name\" content=\"music_blog\" \/>\n<meta property=\"article:modified_time\" content=\"2020-05-30T17:08:58+00:00\" \/>\n<meta name=\"twitter:card\" content=\"summary_large_image\" \/>\n<meta name=\"twitter:label1\" content=\"Gesch\u00e4tzte Lesezeit\" \/>\n\t<meta name=\"twitter:data1\" content=\"7\u00a0Minuten\" \/>\n<script type=\"application\/ld+json\" class=\"yoast-schema-graph\">{\"@context\":\"https:\\\/\\\/schema.org\",\"@graph\":[{\"@type\":\"WebPage\",\"@id\":\"https:\\\/\\\/www.studio-art-design.com\\\/blog\\\/die-ton-kreuzblende-bei-videos\\\/\",\"url\":\"https:\\\/\\\/www.studio-art-design.com\\\/blog\\\/die-ton-kreuzblende-bei-videos\\\/\",\"name\":\"Die Ton-\\\/ Kreuzblende - bei Videos - music_blog\",\"isPartOf\":{\"@id\":\"https:\\\/\\\/www.studio-art-design.com\\\/blog\\\/#website\"},\"datePublished\":\"2020-05-30T17:08:56+00:00\",\"dateModified\":\"2020-05-30T17:08:58+00:00\",\"breadcrumb\":{\"@id\":\"https:\\\/\\\/www.studio-art-design.com\\\/blog\\\/die-ton-kreuzblende-bei-videos\\\/#breadcrumb\"},\"inLanguage\":\"de\",\"potentialAction\":[{\"@type\":\"ReadAction\",\"target\":[\"https:\\\/\\\/www.studio-art-design.com\\\/blog\\\/die-ton-kreuzblende-bei-videos\\\/\"]}]},{\"@type\":\"BreadcrumbList\",\"@id\":\"https:\\\/\\\/www.studio-art-design.com\\\/blog\\\/die-ton-kreuzblende-bei-videos\\\/#breadcrumb\",\"itemListElement\":[{\"@type\":\"ListItem\",\"position\":1,\"name\":\"Startseite\",\"item\":\"https:\\\/\\\/www.studio-art-design.com\\\/blog\\\/\"},{\"@type\":\"ListItem\",\"position\":2,\"name\":\"Die Ton-\\\/ Kreuzblende &#8211; bei Videos\"}]},{\"@type\":\"WebSite\",\"@id\":\"https:\\\/\\\/www.studio-art-design.com\\\/blog\\\/#website\",\"url\":\"https:\\\/\\\/www.studio-art-design.com\\\/blog\\\/\",\"name\":\"music_blog\",\"description\":\"Tonstudiotechnik und Musikproduktionen\",\"publisher\":{\"@id\":\"https:\\\/\\\/www.studio-art-design.com\\\/blog\\\/#organization\"},\"potentialAction\":[{\"@type\":\"SearchAction\",\"target\":{\"@type\":\"EntryPoint\",\"urlTemplate\":\"https:\\\/\\\/www.studio-art-design.com\\\/blog\\\/?s={search_term_string}\"},\"query-input\":{\"@type\":\"PropertyValueSpecification\",\"valueRequired\":true,\"valueName\":\"search_term_string\"}}],\"inLanguage\":\"de\"},{\"@type\":\"Organization\",\"@id\":\"https:\\\/\\\/www.studio-art-design.com\\\/blog\\\/#organization\",\"name\":\"Studio ART & DESIGN\",\"url\":\"https:\\\/\\\/www.studio-art-design.com\\\/blog\\\/\",\"logo\":{\"@type\":\"ImageObject\",\"inLanguage\":\"de\",\"@id\":\"https:\\\/\\\/www.studio-art-design.com\\\/blog\\\/#\\\/schema\\\/logo\\\/image\\\/\",\"url\":\"https:\\\/\\\/www.studio-art-design.com\\\/blog\\\/wp-content\\\/uploads\\\/2020\\\/05\\\/StudioLogo_v2-jpeg-small.jpg\",\"contentUrl\":\"https:\\\/\\\/www.studio-art-design.com\\\/blog\\\/wp-content\\\/uploads\\\/2020\\\/05\\\/StudioLogo_v2-jpeg-small.jpg\",\"width\":515,\"height\":324,\"caption\":\"Studio ART & DESIGN\"},\"image\":{\"@id\":\"https:\\\/\\\/www.studio-art-design.com\\\/blog\\\/#\\\/schema\\\/logo\\\/image\\\/\"}}]}<\/script>\n<!-- \/ Yoast SEO plugin. -->","yoast_head_json":{"title":"Die Ton-\/ Kreuzblende - bei Videos - music_blog","robots":{"index":"index","follow":"follow","max-snippet":"max-snippet:-1","max-image-preview":"max-image-preview:large","max-video-preview":"max-video-preview:-1"},"canonical":"https:\/\/www.studio-art-design.com\/blog\/die-ton-kreuzblende-bei-videos\/","og_locale":"de_DE","og_type":"article","og_title":"Die Ton-\/ Kreuzblende - bei Videos - music_blog","og_description":"M\u00f6chte man unterschiedlichste Szenen in einem Video optimal hintereinander reihen, so muss man sich bei der Nachbearbeitung mit Ton\u00fcberblendungen (Kreuzblenden)[...]","og_url":"https:\/\/www.studio-art-design.com\/blog\/die-ton-kreuzblende-bei-videos\/","og_site_name":"music_blog","article_modified_time":"2020-05-30T17:08:58+00:00","twitter_card":"summary_large_image","twitter_misc":{"Gesch\u00e4tzte Lesezeit":"7\u00a0Minuten"},"schema":{"@context":"https:\/\/schema.org","@graph":[{"@type":"WebPage","@id":"https:\/\/www.studio-art-design.com\/blog\/die-ton-kreuzblende-bei-videos\/","url":"https:\/\/www.studio-art-design.com\/blog\/die-ton-kreuzblende-bei-videos\/","name":"Die Ton-\/ Kreuzblende - bei Videos - music_blog","isPartOf":{"@id":"https:\/\/www.studio-art-design.com\/blog\/#website"},"datePublished":"2020-05-30T17:08:56+00:00","dateModified":"2020-05-30T17:08:58+00:00","breadcrumb":{"@id":"https:\/\/www.studio-art-design.com\/blog\/die-ton-kreuzblende-bei-videos\/#breadcrumb"},"inLanguage":"de","potentialAction":[{"@type":"ReadAction","target":["https:\/\/www.studio-art-design.com\/blog\/die-ton-kreuzblende-bei-videos\/"]}]},{"@type":"BreadcrumbList","@id":"https:\/\/www.studio-art-design.com\/blog\/die-ton-kreuzblende-bei-videos\/#breadcrumb","itemListElement":[{"@type":"ListItem","position":1,"name":"Startseite","item":"https:\/\/www.studio-art-design.com\/blog\/"},{"@type":"ListItem","position":2,"name":"Die Ton-\/ Kreuzblende &#8211; bei Videos"}]},{"@type":"WebSite","@id":"https:\/\/www.studio-art-design.com\/blog\/#website","url":"https:\/\/www.studio-art-design.com\/blog\/","name":"music_blog","description":"Tonstudiotechnik und Musikproduktionen","publisher":{"@id":"https:\/\/www.studio-art-design.com\/blog\/#organization"},"potentialAction":[{"@type":"SearchAction","target":{"@type":"EntryPoint","urlTemplate":"https:\/\/www.studio-art-design.com\/blog\/?s={search_term_string}"},"query-input":{"@type":"PropertyValueSpecification","valueRequired":true,"valueName":"search_term_string"}}],"inLanguage":"de"},{"@type":"Organization","@id":"https:\/\/www.studio-art-design.com\/blog\/#organization","name":"Studio ART & DESIGN","url":"https:\/\/www.studio-art-design.com\/blog\/","logo":{"@type":"ImageObject","inLanguage":"de","@id":"https:\/\/www.studio-art-design.com\/blog\/#\/schema\/logo\/image\/","url":"https:\/\/www.studio-art-design.com\/blog\/wp-content\/uploads\/2020\/05\/StudioLogo_v2-jpeg-small.jpg","contentUrl":"https:\/\/www.studio-art-design.com\/blog\/wp-content\/uploads\/2020\/05\/StudioLogo_v2-jpeg-small.jpg","width":515,"height":324,"caption":"Studio ART & DESIGN"},"image":{"@id":"https:\/\/www.studio-art-design.com\/blog\/#\/schema\/logo\/image\/"}}]}},"_links":{"self":[{"href":"https:\/\/www.studio-art-design.com\/blog\/wp-json\/wp\/v2\/pages\/250","targetHints":{"allow":["GET"]}}],"collection":[{"href":"https:\/\/www.studio-art-design.com\/blog\/wp-json\/wp\/v2\/pages"}],"about":[{"href":"https:\/\/www.studio-art-design.com\/blog\/wp-json\/wp\/v2\/types\/page"}],"author":[{"embeddable":true,"href":"https:\/\/www.studio-art-design.com\/blog\/wp-json\/wp\/v2\/users\/1"}],"replies":[{"embeddable":true,"href":"https:\/\/www.studio-art-design.com\/blog\/wp-json\/wp\/v2\/comments?post=250"}],"version-history":[{"count":1,"href":"https:\/\/www.studio-art-design.com\/blog\/wp-json\/wp\/v2\/pages\/250\/revisions"}],"predecessor-version":[{"id":252,"href":"https:\/\/www.studio-art-design.com\/blog\/wp-json\/wp\/v2\/pages\/250\/revisions\/252"}],"wp:attachment":[{"href":"https:\/\/www.studio-art-design.com\/blog\/wp-json\/wp\/v2\/media?parent=250"}],"curies":[{"name":"wp","href":"https:\/\/api.w.org\/{rel}","templated":true}]}}